e 11) to base 13.
15
Convert 18a78 (base 11) to base 3.
1100110121
What is 20365 (base 11) in base 13?
106ab
Convert -3 (base 5) to base 7.
-3
What is 136070 (base 8) in base 12?
23a74
Convert 8674 (base 13) to base 5.
1044220
Convert -1322013 (base 4) to base 5.
-222230
Convert cdd (base 15) to base 13.
1429
-22031110 (base 4) to base 7
-232621
What is -2579 (base 15) in base 6?
-100553
What is -22269 (base 11) in base 12?
-16805
1010111110111010 (base 2) to base 15
d4e1
16c (base 16) to base 2
101101100
-2562 (base 7) to base 5
-12400
Convert -22612 (base 9) to base 10.
-15077
-4387 (base 9) to base 13
-1621
What is 22322 (base 4) in base 6?
3122
Convert -1d24 (base 14) to base 4.
-1103030
Convert -23b3 (base 14) to base 16.
-1859
Convert 18184 (base 13) to base 14.
12cb4
What is 22 (base 15) in base 6?
52
What is -6540 (base 10) in base 7?
-25032
What is -711 (base 12) in base 6?
-4421
-6863 (base 9) to base 11
-38a8
23102 (base 5) to base 15
752
What is -1442 (base 5) in base 3?
-100011
Convert 433 (base 10) to base 14.
22d
-675 (base 12) to base 4
-32321
534 (base 12) to base 9
1034
What is -3046 (base 7) in base 2?
-10000100111
What is -16554 (base 7) in base 14?
-1a2b
1750 (base 14) to base 3
12202001
Convert -7081 (base 10) to base 6.
-52441
What is -1165 (base 7) in base 8?
-667
What is 436 (base 9) in base 2?
101100101
What is -a232 (base 12) in base 4?
-10103012
Convert bc5 (base 16) to base 12.
18b1
Convert 159 (base 12) to base 2.
11010101
-4034 (base 5) to base 9
-636
What is -1615 (base 16) in base 11?
-427a
What is -3260 (base 12) in base 14?
-2040
Convert 101000010011010 (base 2) to base 16.
509a
Convert 690 (base 13) to base 5.
14011
What is 4531 (base 8) in base 3?
10021122
Convert dab (base 14) to base 6.
20255
What is 568 (base 9) in base 11?
395
-324 (base 6) to base 11
-103
What is 5141 (base 6) in base 9?
1507
Convert 3220113 (base 4) to base 14.
55c3
What is -100101101 (base 2) in base 5?
-2201
What is 1047 (base 12) in base 16?
6f7
13223323 (base 4) to base 15
94dd
What is 263d (base 14) in base 7?
25406
Convert 22211 (base 3) to base 14.
130
What is 1112 (base 8) in base 10?
586
What is 210101 (base 5) in base 11?
5204
What is -2031 (base 6) in base 16?
-1c3
-306211 (base 7) to base 6
-1043241
Convert 1002331 (base 4) to base 15.
140a
What is -2440 (base 9) in base 12?
-1076
Convert 133745 (base 9) to base 11.
56286
7131 (base 8) to base 14
14a5
205425 (base 8) to base 11
47408
47 (base 15) to base 4
1003
What is 1220112 (base 4) in base 10?
6678
What is 15430 (base 11) in base 2?
101010100110101
7d4 (base 16) to base 10
2004
Convert -3333441 (base 5) to base 7.
-332623
What is 59 (base 11) in base 14?
48
What is 520543 (base 6) in base 8?
121317
Convert -205 (base 6) to base 12.
-65
What is -142301 (base 7) in base 15?
-8115
613 (base 9) to base 5
3443
What is -62a2 (base 12) in base 6?
-121522
What is -203100 (base 4) in base 5?
-33011
What is -389 (base 11) in base 14?
-24c
1005 (base 6) to base 9
265
What is 181 (base 11) in base 16?
d2
325 (base 10) to base 11
276
What is -117d (base 15) in base 8?
-7206
What is -420334 (base 5) in base 14?
-508c
Convert 10220022021 (base 3) to base 7.
436546
What is -3a9f (base 16) in base 15?
-46a7
Convert -209b (base 12) to base 2.
-110111110111
233 (base 14) to base 4
12311
-1431 (base 7) to base 6
-2333
Convert 2222211 (base 4) to base 13.
4c7a
Convert 7b20 (base 14) to base 13.
9977
251 (base 14) to base 3
122011
2162 (base 7) to base 4
30023
What is -30030 (base 5) in base 16?
-762
-2412 (base 5) to base 3
-111020
-1503 (base 10) to base 11
-1147
-3092 (base 10) to base 8
-6024
What is 111101000111 (base 2) in base 4?
331013
-35343 (base 7) to base 11
-691a
What is 11a87 (base 11) in base 7?
101241
Convert -1000111010101110 (base 2) to base 10.
-36526
1a8e (base 16) to base 5
204143
-98f3 (base 16) to base 9
-58635
Convert -2355 (base 13) to base 7.
-20331
Convert -11010111101 (base 2) to base 12.
-bb9
What is -178 (base 12) in base 14?
-12c
Convert -98d (base 15) to base 5.
-32113
Convert 4552 (base 7) to base 13.
9a3
-2d70 (base 15) to base 10
-9780
6c7 (base 13) to base 11
980
-11012 (base 5) to base 2
-1011110101
What is 747 (base 13) in base 8?
2332
What is 2421 (base 7) in base 14?
481
What is -651 (base 14) in base 12?
-87b
What is -17ba (base 16) in base 2?
-1011110111010
Convert -2130010 (base 5) to base 10.
-36255
-3665 (base 11) to base 6
-34102
Convert -828 (base 12) to base 14.
-608
Convert 35a7 (base 12) to base 13.
298c
What is 123522 (base 7) in base 3?
1011102010
-2022 (base 4) to base 9
-163
Convert -10110100000110 (base 2) to base 14.
-42b4
Convert 78073 (base 9) to base 5.
3124300
What is -49cb (base 13) in base 2?
-10100011101100
What is -3144 (base 6) in base 4?
-23020
What is 1050002 (base 6) in base 16?
cf92
What is -12ba (base 15) in base 9?
-5434
-3235 (base 6) to base 10
-743
Convert 2343 (base 8) to base 4.
103203
-cf4 (base 16) to base 4
-303310
100000001110 (base 2) to base 7
6004
What is 10100102220 (base 3) in base 11?
45598
Convert 16112 (base 8) to base 15.
222c
Convert 11000111 (base 2) to base 9.
241
Convert -113d (base 14) to base 9.
-4087
What is -1183 (base 10) in base 11?
-986
What is -1298 (base 14) in base 4?
-303012
-3521 (base 6) to base 2
-1101001001
Convert 20012000 (base 3) to base 5.
121014
Convert -35641 (base 7) to base 13.
-428b
What is 31123 (base 4) in base 12?
5b7
Convert -45035 (base 6) to base 4.
-1202033
10110010011100 (base 2) to base 9
16588
What is 356 (base 13) in base 14?
2d4
-546 (base 14) to base 5
-13132
13031 (base 4) to base 12
325
What is 3402 (base 16) in base 11?
a004
What is 11322 (base 6) in base 12?
b42
What is -214b (base 15) in base 6?
-52342
What is 71 (base 12) in base 15?
5a
1000000110010 (base 2) to base 5
113041
Convert -15b (base 13) to base 9.
-302
Convert 267 (base 11) to base 4.
10323
6934 (base 12) to base 3
121001111
107 (base 15) to base 14
128
What is -603 (base 12) in base 8?
-1543
74100 (base 10) to base 8
220564
Convert 22012 (base 3) to base 15.
eb
289 (base 16) to base 5
10044
What is 4243 (base 6) in base 12?
683
-2201210 (base 3) to base 12
-11a0
6bd (base 14) to base 16
53f
Convert 402 (base 6) to base 7.
266
Convert -3198 (base 15) to base 7.
-42410
Convert -4255 (base 7) to base 12.
-a5a
-141 (base 10) to base 2
-10001101
Convert -9c3 (base 14) to base 5.
-30220
Convert 15 (base 11) to base 8.
20
Convert 5add (base 14) to base 5.
1002000
Convert 12734 (base 10) to base 5.
401414
What is -1000100010 (base 2) in base 7?
-1410
Convert 130 (base 12) to base 8.
264
3414124 (base 5) to base 2
1110110001111011
Convert 26112 (base 7) to base 16.
1b06
Convert -e40 (base 16) to base 6.
-24520
1670 (base 8) to base 16
3b8
Convert 1213022 (base 4) to base 15.
1e52
Convert -55 (base 11) to base 10.
-60
Convert 2995 (base 10) to base 2.
101110110011
What is -1351 (base 12) in base 7?
-6322
-13c (base 16) to base 3
-102201
What is -3635 (base 7) in base 10?
-1349
Convert -277 (base 11) to base 9.
-402
What is -321413 (base 5) in base 12?
-634a
Convert 3cc2 (base 15) to base 2.
11001011001111
Convert 100100110 (base 2) to base 9.
356
Convert 1ba5 (base 16) to base 15.
216c
What is -7242 (base 10) in base 16?
-1c4a
-2022 (base 11) to base 16
-a7e
Convert 1000101101101001 (base 2) to base 6.
433121
Convert 113422 (base 6) to base 11.
7470
What is 33 (base 13) in base 11?
39
291 (base 15) to base 9
721
What is -2926 (base 10) in base 6?
-21314
Convert 20201 (base 6) to base 2.
101001101001
Convert -11154 (base 9) to base 12.
-4364
Convert -24 (base 11) to base 16.
-1a
Convert c4ef (base 16) to base 11.
34972
Convert -962 (base 14) to base 16.
-73a
Convert -3657 (base 11) to base 3.
-20120002
8b72 (base 14) to base 8
57220
Convert 114342 (base 5) to base 8.
10373
Convert 3a2 (base 12) to base 2.
1000101010
20000 (base 4) to base 9
628
What is 52345 (base 6) in base 15?
214e
3125 (base 6) to base 11
588
e23 (base 16) to base 15
1114
What is -1403 (base 8) in base 10?
-771
Convert 4155 (base 11) to base 12.
3229
What is 100000 (base 2) in base 10?
32
Convert -6431 (base 7) to base 10.
-2276
-40b (base 16) to base 8
-2013
Convert -320021 (base 4) to base 3.
-11221002
Convert -2134 (base 5) to 